{"id":167,"date":"2026-04-27T11:53:11","date_gmt":"2026-04-27T11:53:11","guid":{"rendered":"https:\/\/businesshub.ase.ro\/?page_id=167"},"modified":"2026-04-27T11:53:11","modified_gmt":"2026-04-27T11:53:11","slug":"viziune-si-impact","status":"publish","type":"page","link":"https:\/\/businesshub.ase.ro\/index.php\/viziune-si-impact\/","title":{"rendered":"Viziune \u0219i impact"},"content":{"rendered":"\n<p class=\"has-text-align-left\">\u00centr-un mediu economic aflat \u00eentr-o schimbare continu\u0103, performan\u021ba organiza\u021biilor depinde tot mai mult de capacitatea de a \u00een\u021belege, anticipa \u0219i adapta. Centrul de Cercet\u0103ri Administrarea Afacerilor din cadrul Facult\u0103\u021bii de Business \u0219i Turism r\u0103spunde acestei nevoi prin dezvoltarea de cercetare \u0219tiin\u021bific\u0103 relevant\u0103, conectat\u0103 direct la realit\u0103\u021bile \u0219i provoc\u0103rile mediului de afaceri. Activitatea centrului este orientat\u0103 spre generarea de cunoa\u0219tere aplicabil\u0103, capabil\u0103 s\u0103 contribuie at\u00e2t la progresul academic, c\u00e2t \u0219i la cre\u0219terea performan\u021bei mediului economic.<\/p>\n\n\n\n<p>Centrul func\u021bioneaz\u0103 ca un nucleu de cercetare competitiv, reunind cadre didactice, cercet\u0103tori, doctoranzi, studen\u021bi \u0219i speciali\u0219ti din practic\u0103, reprezentan\u021bi ai mediului de afaceri, sectorului public \u0219i societ\u0103\u021bii civile \u00eentr-un cadru interdisciplinar, orientat spre generarea de solu\u021bii concrete. Centrul urm\u0103re\u0219te s\u0103 creeze un mediu academic competitiv, care stimuleaz\u0103 colaborarea interdisciplinar\u0103, formarea noii genera\u021bii de cercet\u0103tori \u0219i integrarea \u00een re\u021bele interna\u021bionale de cercetare.<\/p>\n\n\n\n<div class=\"wp-block-columns is-layout-flex wp-container-core-columns-is-layout-9d6595d7 wp-block-columns-is-layout-flex\">\n<div class=\"wp-block-column is-layout-flow wp-block-column-is-layout-flow\">\n<h2 class=\"wp-block-heading has-text-align-center\">Viziune<\/h2>\n\n\n\n<p class=\"has-text-align-center\">Viziunea noastr\u0103 este de a deveni un pol important de convergen\u021b\u0103 \u00eentre cercetarea academic\u0103 de elit\u0103 \u0219i dinamismul mediului de afaceri, redefinind standardele de colaborare dintre mediul academic \u0219i cel de business \u0219i transform\u00e2nd Centrul \u00eentr-un laborator de idei unde cercetarea riguroas\u0103 genereaz\u0103 solu\u021bii sustenabile pentru companii.<\/p>\n<\/div>\n\n\n\n<div class=\"wp-block-column is-layout-flow wp-block-column-is-layout-flow\">\n<h2 class=\"wp-block-heading has-text-align-center\">Misiune<\/h2>\n\n\n\n<p class=\"has-text-align-center\">Misiunea noastr\u0103 este de a genera cunoa\u0219tere avansat\u0103 \u00een administrarea afacerilor \u0219i de a transfera aceast\u0103 expertiz\u0103 c\u0103tre comunitate. Realiz\u0103m cercetare \u0219tiin\u021bific\u0103 de \u00eenalt\u0103 calitate, relevant\u0103 pentru mediul economic \u0219i societate \u0219i transform\u0103m rezultatele acesteia \u00een solu\u021bii aplicabile care sprijin\u0103 performan\u021ba organiza\u021biilor \u0219i fundamentarea deciziilor strategice.<\/p>\n<\/div>\n<\/div>\n\n\n\n<h2 class=\"wp-block-heading has-text-align-center\">Obiective<\/h2>\n\n\n\n<div class=\"wp-block-columns is-layout-flex wp-container-core-columns-is-layout-9d6595d7 wp-block-columns-is-layout-flex\">\n<div class=\"wp-block-column is-layout-flow wp-block-column-is-layout-flow\">\n<p class=\"has-text-align-center\">Dezvoltarea de proiecte care s\u0103 r\u0103spund\u0103 provoc\u0103rilor reale ale companiilor.<\/p>\n<\/div>\n\n\n\n<div class=\"wp-block-column is-layout-flow wp-block-column-is-layout-flow\">\n<p class=\"has-text-align-center\">Formarea viitorilor cercet\u0103tori prin implicarea studen\u021bilor \u0219i doctoranzilor \u00een proiecte de cercetare.<\/p>\n<\/div>\n<\/div>\n\n\n\n<div class=\"wp-block-columns is-layout-flex wp-container-core-columns-is-layout-9d6595d7 wp-block-columns-is-layout-flex\">\n<div class=\"wp-block-column is-layout-flow wp-block-column-is-layout-flow\">\n<p class=\"has-text-align-center\">Facilitarea dialogului \u00eentre mediul academic \u0219i cel antreprenorial prin cercetare \u0219i consultan\u021b\u0103 specializat\u0103, \u00een vederea transferului de know-how.<\/p>\n<\/div>\n\n\n\n<div class=\"wp-block-column is-layout-flow wp-block-column-is-layout-flow\">\n<p class=\"has-text-align-center\">Consolidarea pozi\u021biei centrului prin parteneriate cu centre de cercetare de elit\u0103, na\u021bionale \u0219i interna\u021bionale \u0219i publicarea rezultatelor cercet\u0103rilor \u00een jurnale de top.<\/p>\n<\/div>\n<\/div>\n\n\n\n<h2 class=\"wp-block-heading has-text-align-center\">Valori<\/h2>\n\n\n\n<div class=\"wp-block-columns is-layout-flex wp-container-core-columns-is-layout-9d6595d7 wp-block-columns-is-layout-flex\">\n<div class=\"wp-block-column is-layout-flow wp-block-column-is-layout-flow\">\n<p class=\"has-text-align-center\"><em>Rigoare \u0219tiin\u021bific\u0103: <\/em>promov\u0103m standarde \u00eenalte de calitate, integritate \u0219i responsabilitate \u00een cercetare.<\/p>\n<\/div>\n\n\n\n<div class=\"wp-block-column is-layout-flow wp-block-column-is-layout-flow\">\n<p class=\"has-text-align-center\"><em>Relevan\u021b\u0103:<\/em> ne concentr\u0103m pe teme \u0219i rezultate care r\u0103spund nevoilor reale ale economiei \u0219i societ\u0103\u021bii.<\/p>\n<\/div>\n\n\n\n<div class=\"wp-block-column is-layout-flow wp-block-column-is-layout-flow\">\n<p class=\"has-text-align-center\"><em>Colaborare: <\/em>\u00eencuraj\u0103m lucrul \u00een echipe interdisciplinare \u0219i parteneriatele cu mediul academic \u0219i profesional.<\/p>\n<\/div>\n<\/div>\n\n\n\n<div class=\"wp-block-columns is-layout-flex wp-container-core-columns-is-layout-9d6595d7 wp-block-columns-is-layout-flex\">\n<div class=\"wp-block-column is-layout-flow wp-block-column-is-layout-flow\">\n<p class=\"has-text-align-center\"><em>Inova\u021bie: <\/em>sus\u021binem g\u00e2ndirea creativ\u0103, critic\u0103 \u0219i analitic\u0103 \u0219i dezvoltarea de solu\u021bii noi, adaptate unui mediu economic dinamic.<\/p>\n<\/div>\n\n\n\n<div class=\"wp-block-column is-layout-flow wp-block-column-is-layout-flow\">\n<p class=\"has-text-align-center\"><em>Deschidere interna\u021bional\u0103: <\/em>ne raport\u0103m constant la standarde \u0219i practici interna\u021bionale, promov\u00e2nd schimbul de idei \u0219i experien\u021b\u0103.<\/p>\n<\/div>\n\n\n\n<div class=\"wp-block-column is-layout-flow wp-block-column-is-layout-flow\">\n<p class=\"has-text-align-center\"><em>Responsabilitate: <\/em>&nbsp;contribuim la dezvoltarea sustenabil\u0103 a organiza\u021biilor \u0219i a societ\u0103\u021bii.<\/p>\n<\/div>\n<\/div>\n\n\n\n<h2 class=\"wp-block-heading has-text-align-center\">Impact<\/h2>\n\n\n\n<div class=\"wp-block-columns is-layout-flex wp-container-core-columns-is-layout-9d6595d7 wp-block-columns-is-layout-flex\">\n<div class=\"wp-block-column is-layout-flow wp-block-column-is-layout-flow\">\n<p class=\"has-text-align-center\"><em>Expertiz\u0103 de \u00eenalt\u0103 calitate:<\/em> Acces direct la cele mai noi tendin\u021be \u0219i metodologii de cercetare \u00een administrarea afacerilor.<\/p>\n<\/div>\n\n\n\n<div class=\"wp-block-column is-layout-flow wp-block-column-is-layout-flow\">\n<p class=\"has-text-align-center\"><em>Transfer de know-how: <\/em>Punte \u00eentre rigoarea \u0219tiin\u021bific\u0103 \u0219i viteza de execu\u021bie din business pentru un avantaj competitiv sustenabil.<\/p>\n<\/div>\n\n\n\n<div class=\"wp-block-column is-layout-flow wp-block-column-is-layout-flow\">\n<p class=\"has-text-align-center\"><em>Decizii fundamentate pe dovezi: <\/em>Transform\u0103m datele brute \u0219i teoriile academice \u00een strategii ac\u021bionabile pentru lideri.<\/p>\n<\/div>\n<\/div>\n\n\n\n<div class=\"wp-block-columns is-layout-flex wp-container-core-columns-is-layout-9d6595d7 wp-block-columns-is-layout-flex\">\n<div class=\"wp-block-column is-layout-flow wp-block-column-is-layout-flow\">\n<p class=\"has-text-align-center\"><em>Diagnoz\u0103 \u0219i solu\u021bii personalizate: <\/em>Oferim o perspectiv\u0103 extern\u0103, riguroas\u0103, asupra provoc\u0103rilor organiza\u021bionale \u0219i dinamicii pie\u021bei.<\/p>\n<\/div>\n\n\n\n<div class=\"wp-block-column is-layout-flow wp-block-column-is-layout-flow\">\n<p class=\"has-text-align-center\"><em>Networking strategic: <\/em>Conect\u0103m liderii de business cu elitele academice, facilit\u00e2nd un schimb de idei care genereaz\u0103 oportunit\u0103\u021bi noi.<\/p>\n<\/div>\n\n\n\n<div class=\"wp-block-column is-layout-flow wp-block-column-is-layout-flow\">\n<p class=\"has-text-align-center\"><em>Inova\u021bie colaborativ\u0103: <\/em>Spa\u021biu de co-creare unde problemele reale ale industriei \u00ee\u0219i g\u0103sesc rezolvarea prin cercetare interdisciplinar\u0103.<\/p>\n<\/div>\n<\/div>\n\n\n\n<h2 class=\"wp-block-heading has-text-align-center\">Direc\u021bii strategice de cercetare<\/h2>\n\n\n\n<div class=\"wp-block-columns is-layout-flex wp-container-core-columns-is-layout-9d6595d7 wp-block-columns-is-layout-flex\">\n<div class=\"wp-block-column is-layout-flow wp-block-column-is-layout-flow\"><div class=\"wp-block-image\">\n<figure class=\"aligncenter size-large is-resized\"><img fetchpriority=\"high\" decoding=\"async\" width=\"1024\" height=\"1024\" src=\"https:\/\/businesshub.ase.ro\/wp-content\/uploads\/2026\/04\/business-3-1024x1024.png\" alt=\"\" class=\"wp-image-190\" style=\"width:60px\" srcset=\"https:\/\/businesshub.ase.ro\/wp-content\/uploads\/2026\/04\/business-3-1024x1024.png 1024w, https:\/\/businesshub.ase.ro\/wp-content\/uploads\/2026\/04\/business-3-300x300.png 300w, https:\/\/businesshub.ase.ro\/wp-content\/uploads\/2026\/04\/business-3-150x150.png 150w, https:\/\/businesshub.ase.ro\/wp-content\/uploads\/2026\/04\/business-3-768x768.png 768w, https:\/\/businesshub.ase.ro\/wp-content\/uploads\/2026\/04\/business-3.png 1254w\" sizes=\"(max-width: 1024px) 100vw, 1024px\" \/><\/figure>\n<\/div>\n\n\n<p class=\"has-text-align-center\">Business<\/p>\n<\/div>\n\n\n\n<div class=\"wp-block-column is-layout-flow wp-block-column-is-layout-flow\"><div class=\"wp-block-image\">\n<figure class=\"aligncenter size-large is-resized\"><img decoding=\"async\" width=\"1024\" height=\"1024\" src=\"https:\/\/businesshub.ase.ro\/wp-content\/uploads\/2026\/04\/consumer-sciences-1-1024x1024.png\" alt=\"\" class=\"wp-image-191\" style=\"width:60px\" srcset=\"https:\/\/businesshub.ase.ro\/wp-content\/uploads\/2026\/04\/consumer-sciences-1-1024x1024.png 1024w, https:\/\/businesshub.ase.ro\/wp-content\/uploads\/2026\/04\/consumer-sciences-1-300x300.png 300w, https:\/\/businesshub.ase.ro\/wp-content\/uploads\/2026\/04\/consumer-sciences-1-150x150.png 150w, https:\/\/businesshub.ase.ro\/wp-content\/uploads\/2026\/04\/consumer-sciences-1-768x768.png 768w, https:\/\/businesshub.ase.ro\/wp-content\/uploads\/2026\/04\/consumer-sciences-1.png 1254w\" sizes=\"(max-width: 1024px) 100vw, 1024px\" \/><\/figure>\n<\/div>\n\n\n<p class=\"has-text-align-center\">\u0218tiin\u021bele consumatorului<\/p>\n<\/div>\n\n\n\n<div class=\"wp-block-column is-layout-flow wp-block-column-is-layout-flow\"><div class=\"wp-block-image\">\n<figure class=\"aligncenter size-large is-resized\"><img decoding=\"async\" width=\"1024\" height=\"1024\" src=\"https:\/\/businesshub.ase.ro\/wp-content\/uploads\/2026\/04\/quality-management-3-1024x1024.png\" alt=\"\" class=\"wp-image-192\" style=\"width:60px\" srcset=\"https:\/\/businesshub.ase.ro\/wp-content\/uploads\/2026\/04\/quality-management-3-1024x1024.png 1024w, https:\/\/businesshub.ase.ro\/wp-content\/uploads\/2026\/04\/quality-management-3-300x300.png 300w, https:\/\/businesshub.ase.ro\/wp-content\/uploads\/2026\/04\/quality-management-3-150x150.png 150w, https:\/\/businesshub.ase.ro\/wp-content\/uploads\/2026\/04\/quality-management-3-768x768.png 768w, https:\/\/businesshub.ase.ro\/wp-content\/uploads\/2026\/04\/quality-management-3.png 1254w\" sizes=\"(max-width: 1024px) 100vw, 1024px\" \/><\/figure>\n<\/div>\n\n\n<p class=\"has-text-align-center\">Managementul calit\u0103\u021bii<\/p>\n<\/div>\n<\/div>\n\n\n\n<p><\/p>\n","protected":false},"excerpt":{"rendered":"<p>\u00centr-un mediu economic aflat \u00eentr-o schimbare continu\u0103, performan\u021ba organiza\u021biilor depinde tot mai mult de capacitatea de a \u00een\u021belege, anticipa \u0219i adapta. Centrul de Cercet\u0103ri Administrarea Afacerilor din cadrul Facult\u0103\u021bii de Business \u0219i Turism r\u0103spunde acestei nevoi prin dezvoltarea de cercetare \u0219tiin\u021bific\u0103 relevant\u0103, conectat\u0103 direct la realit\u0103\u021bile \u0219i provoc\u0103rile mediului de afaceri. Activitatea centrului este orientat\u0103&hellip;&nbsp;<\/p>\n","protected":false},"author":1,"featured_media":0,"parent":0,"menu_order":0,"comment_status":"closed","ping_status":"closed","template":"","meta":{"neve_meta_sidebar":"","neve_meta_container":"","neve_meta_enable_content_width":"","neve_meta_content_width":0,"neve_meta_title_alignment":"","neve_meta_author_avatar":"","neve_post_elements_order":"","neve_meta_disable_header":"","neve_meta_disable_footer":"","neve_meta_disable_title":"","footnotes":""},"class_list":["post-167","page","type-page","status-publish","hentry"],"_links":{"self":[{"href":"https:\/\/businesshub.ase.ro\/index.php\/wp-json\/wp\/v2\/pages\/167","targetHints":{"allow":["GET"]}}],"collection":[{"href":"https:\/\/businesshub.ase.ro\/index.php\/wp-json\/wp\/v2\/pages"}],"about":[{"href":"https:\/\/businesshub.ase.ro\/index.php\/wp-json\/wp\/v2\/types\/page"}],"author":[{"embeddable":true,"href":"https:\/\/businesshub.ase.ro\/index.php\/wp-json\/wp\/v2\/users\/1"}],"replies":[{"embeddable":true,"href":"https:\/\/businesshub.ase.ro\/index.php\/wp-json\/wp\/v2\/comments?post=167"}],"version-history":[{"count":14,"href":"https:\/\/businesshub.ase.ro\/index.php\/wp-json\/wp\/v2\/pages\/167\/revisions"}],"predecessor-version":[{"id":195,"href":"https:\/\/businesshub.ase.ro\/index.php\/wp-json\/wp\/v2\/pages\/167\/revisions\/195"}],"wp:attachment":[{"href":"https:\/\/businesshub.ase.ro\/index.php\/wp-json\/wp\/v2\/media?parent=167"}],"curies":[{"name":"wp","href":"https:\/\/api.w.org\/{rel}","templated":true}]}}